e prime factors of p?
3, 5
Suppose 0 = d - 5 + 1. Suppose 3*j = 2*x - 36, -x = d*j - 34 + 5. List the prime factors of x.
3, 7
Suppose 3*a - 27 = 39. Let c = a + -15. Suppose 3*f - y - 1 = y, -f - y + c = 0. List the prime factors of f.
3
Suppose -2*f = -25 - 19. What are the prime factors of f?
2, 11
Let m(u) = -u**3 + 19*u**2 + 27*u - 1. What are the prime factors of m(20)?
139
Suppose 2*z = -0*z - 8, 4*w = 2*z - 8. Let l = 1 + w. Let h = 3 - l. List the prime factors of h.
2, 3
Let f(a) = a**2 + 7*a + 7. Let y be f(-6). Let u = 2 + y. List the prime factors of u.
3
Let h = -222 - -331. What are the prime factors of h?
109
Let l = -8 + 14. Let h = -4 + l. Let p(c) = 2*c**2 - 2*c - 2. What are the prime factors of p(h)?
2
Suppose t - 95 = z, 3*t + 4*z + 470 = 8*t. List the prime factors of t.
2, 3, 5
Let j(s) = -s**3 + 9*s**2 + 8*s - 14. List the prime factors of j(7).
2, 5, 7
Let g(v) = -3*v - 3. Let f be g(-2). Suppose -1 = -2*o + f. List the prime factors of -2 + o - -1 - -10.
11
Suppose -3 = 3*o + 6. Let v(m) = -4*m + 1. Let b be v(o). Let s = -6 + b. List the prime factors of s.
7
Suppose -103 - 5 = -3*u. Suppose -c = c - u. What are the prime factors of c?
2, 3
Let k be 9/12 - 172/16. What are the prime factors of k/5 - (-14 + 2)?
2, 5
Let b(o) be the third derivative of o**6/120 + o**5/10 + o**4/24 + 5*o**3/6 + 10*o**2. List the prime factors of b(-5).
5
Suppose 3*m - 5*y = 27, -5*m = -4*y + 5*y - 45. Let p = m + -3. List the prime factors of p.
2, 3
Let s = -5 + 27. What are the prime factors of s?
2, 11
Let b(m) = -129*m**2 + 1. Let h be b(-1). Let g be h/(-6)*24/16. Let l = g + -19. What are the prime factors of l?
13
Let y = -10 + 15. Suppose 0 = -y*h + 4*h - 1. Let i = h - -4. List the prime factors of i.
3
Let j(n) = -29*n + 5. List the prime factors of j(-4).
11
Let u(m) = m**3 - 12*m**2 + 13*m - 3. Let t(v) be the second derivative of v**3/3 - 9*v**2/2 + 4*v. Let h be t(10). What are the prime factors of u(h)?
19
Suppose -p + 0*p - 3 = -3*a, -4*p - 12 = 0. Suppose -63 = -3*r - a*r. List the prime factors of r.
3, 7
Let q(r) = -r**3 + 2*r**2 + 2*r + 2. Let f be q(3). What are the prime factors of 15 - (2 - (1 + f))?
13
Let o be (-3)/(9/(-336)*2). Let q = 83 - o. List the prime factors of q.
3
List the prime factors of ((-10)/15)/(2/(-75)).
5
Let a(y) = 2*y**2 + 6*y + 1. Suppose -5*f - 4*q - 20 = -6*q, -8 = 2*f + 2*q. List the prime factors of a(f).
3
Suppose 4*x - 43 = -15. Let g = 12 - x. Let j = g - -1. What are the prime factors of j?
2, 3
Let l(s) = -s + 13. Let n be l(11). Suppose n + 28 = 2*q. List the prime factors of q.
3, 5
Let h(k) = k**3 + 3*k**2 - 2*k + 4. Let i be h(-3). List the prime factors of i/(-4)*156/(-30).
13
Suppose r + 3 = 5. Suppose -7 = 3*t - r*t. Let c = t - -21. What are the prime factors of c?
2, 7
Let q(u) = -u**3 + u**2 + u + 14. Let f be q(0). Let p = f + -26. What are the prime factors of p/21*(-14)/4?
2
Let d be (-2)/4 - (-178)/4. Suppose -4*u + 4*v = -d, 5 = 6*v - v. List the prime factors of u.
2, 3
Suppose -8*t = -10*t + 156. List the prime factors of t.
2, 3, 13
Suppose -618 = -5*v + 287. Let j = -129 + v. Suppose -2*r - 12 = -j. List the prime factors of r.
2, 5
Suppose -218 = -2*z + 5*l, 0*z - 3*z + 4*l + 341 = 0. Let j = z + -85. What are the prime factors of j?
2, 17
Let q = 75 + -53. Let g be 5/(-10)*(-2 - (1 - 3)). Suppose g*b + q = 2*b. What are the prime factors of b?
11
Let p = 500 + -257. What are the prime factors of p?
3
What are the prime factors of 4*(-6)/(-8) - -20?
23
Let a(p) be the second derivative of -p**4/12 + 5*p**3/6 + 4*p**2 + p. Let m be a(7). What are the prime factors of ((-1)/(-2))/(m/(-156))?
13
What are the prime factors of -33*(4 + 48/(-9))?
2, 11
Let t = -145 + 241. Let a = -49 + t. List the prime factors of a.
47
Let h(i) = -i**2 + 14*i - 7. What are the prime factors of h(12)?
17
Let a(d) = d**3 - 3*d + 2. Let x be a(2). Let l = x + 12. Suppose -3*b = b + 4*j - l, -3*b + 13 = 2*j. List the prime factors of b.
5
Let m(v) = -v**2 + 5*v + 2. Let b be m(4). Suppose c = 17 - b. What are the prime factors of c?
11
Suppose -b = 2*v - 96, b + 6 = 4*b. What are the prime factors of v?
47
Let a(w) be the second derivative of -w**5/20 + w**4/12 - w**3/6 + 15*w**2/2 - 9*w. What are the prime factors of a(0)?
3, 5
Let g(a) = -9. Let j(c) = 0*c + 17 + c + 19. Let m(r) = 9*g(r) + 2*j(r). What are the prime factors of m(7)?
5
Let y(r) = -r**3 + 14*r**3 - 3*r**3. Let x be y(-1). Let c = 14 + x. List the prime factors of c.
2
Let m = -2 - -4. Let a be (m + -1)*(-2 - -2). Let k = 7 + a. What are the prime factors of k?
7
Suppose -4 = 2*d - 4*d, -4*f = -5*d + 10. Let y be (1 + f)*1 + -9. Let r = 11 + y. What are the prime factors of r?
3
Let l = -17 + 57. List the prime factors of l.
2, 5
Let j(v) be the first derivative of v**3/3 + v**2 - 4*v + 7. Suppose -5*r = -0*r + 20. List the prime factors of j(r).
2
Let g = -155 - -279. List the prime factors of g.
2, 31
Let b(g) = 9*g - 1. Let y be b(2). Let p = -13 + y. What are the prime factors of p?
2
Let d(q) = q**2 - 7*q + 7. List the prime factors of d(11).
3, 17
Let o(v) = v. Let u be o(3). Let q be (-24)/14*(-210)/12. Suppose -u*x - 2*x = -q. List the prime factors of x.
2, 3
Let d(c) = 39*c**2 + c - 4. What are the prime factors of d(-3)?
2, 43
Let t = -2 - 0. Let h(b) = b**2. Let c(k) = -3*k**2 - 6*k + 4. Let l(v) = t*h(v) - c(v). What are the prime factors of l(-7)?
3
Suppose 2*l - 9 = 27. List the prime factors of l.
2, 3
Let r(z) = 0 - 9*z - 7 + 0 - z**2. Let c be r(-8). Suppose -3*q + c + 20 = 0. List the prime factors of q.
7
Suppose -4*n = -3*n - 96. List the prime factors of n.
2, 3
Let t be (-114)/(-27) + (-4)/18. Suppose 0*r = 2*r - t. Suppose 0 = -r*i + 5 + 5. What are the prime factors of i?
5
What are the prime factors of (88/33)/(1 - 115/117)?
2, 3, 13
Let l(c) = 8*c - 14. What are the prime factors of l(4)?
2, 3
Suppose 13 = 5*d + 3*x, 2 - 1 = x. Let y(i) = 3 + i**2 + i - d*i - 2*i. What are the prime factors of y(6)?
3, 7
Suppose 3*v + 12 = 0, n + 0*v - 31 = v. Let m = n + -1. What are the prime factors of m?
2, 13
What are the prime factors of 246/4*(-8)/(-6)?
2, 41
Let b = -8 + 6. List the prime factors of ((-8)/10)/(b/40).
2
Suppose 2*d - 15 + 1 = -m, 2*m - 3*d = 7. Suppose -m = -4*y + 28. List the prime factors of y.
3
Suppose 3*b = b + 204. What are the prime factors of b?
2, 3, 17
Suppose -116 - 28 = 4*h. What are the prime factors of (-1431)/h + (-3)/4?
3, 13
Let g(i) = 2*i + 8. Let k(p) = -6*p - 23. Let o(h) = -7*g(h) - 2*k(h). What are the prime factors of o(-7)?
2
Let n be (2/5)/(4/20). Suppose 4*m - n*m = 4. List the prime factors of (-15)/(-6)*4/m.
5
Let r(o) = -o**3 - o**2 + o + 8. Let j be ((2 - 0) + -3)/(-1). Let y = -1 + j. List the prime factors of r(y).
2
What are the prime factors of -1*(-1 + 2) - 3*-31?
2, 23
What are the prime factors of (2 + 23)/(2/20)?
2, 5
Suppose 0 = 21*d - 721 - 1421. List the prime factors of d.
2, 3, 17
Let r be (3/(-2))/((-12)/272). What are the prime factors of (10/4 + -2)*r?
17
Let i(u) = 38*u**2 + 8*u - 2. Let x(w) = -13*w**2 - 3*w + 1. Let g(s) = 3*i(s) + 8*x(s). Let j be g(-2). Suppose 0 = m + m - j. List the prime factors of m.
3, 7
Suppose 0 = n - 6*n + 175. Suppose 4*g - 11 + n = 0. What are the prime factors of (0 - 3)/(g/16)?
2
Let g = -55 + 131. List the prime factors of g.
2, 19
List the prime factors of (-5)/(4 + -9) + 34.
5, 7
Let j(n) = -n**2 - 10*n + 1. Let x(t) = -2*t**2 - 19*t + 1. Let g(s) = -7*j(s) + 4*x(s). List the prime factors of g(-5).
2
Let d = 2 + 0. Let z = 4 - d. Let q = 7 + z. What are the prime factors of q?
3
Let o = -5 - -35. List the prime factors of o.
2, 3, 5
Let t(p) = 2*p - 14. Suppose 2*g = -8, -b - 4*b = -4*g - 66. List the prime factors of t(b).
2, 3
Suppose -12 = 3*x + x - f, -5*f = x - 18. Let m(w) = 4*w**2 + w - 2. What are the prime factors of m(x)?
2, 3
Let z = -54 - -35. Let k = 35 + z. What are the prime factors of k?
2
Let n(i) = 22*i**2 - 4*i + 5. List the prime factors of n(3).
191
Let w be 2 + (5 - 2 - 2). Suppose w*c + 3*k = 27, 3*c - c + 4*k - 26 = 0. Suppose -c = -0*i - i. What are the prime factors of i?
5
Let n(f) = f**3 - 6*f**2 + 4*f + 6. Let m be n(5). Suppose c - m = 1. Suppose c + 6 = 4*q. What are t